f/(-2)*0/3. Suppose 0*o + 4*o - 260 = t. Calculate the highest common factor of o and 13.
13
Suppose v - 4*v = -6. Suppose -5*w + 48 = -v*w. Suppose 60 = 39*h - 252. Calculate the greatest common factor of w and h.
8
Let w = -1 + 6. Suppose w*n + c = 516, 2*c + 512 = 5*n + 4*c. Suppose -s + n = -0*s. Calculate the greatest common factor of 13 and s.
13
Let t be (300/90)/(4/42). Let i = 2 - -5. Calculate the highest common divisor of i and t.
7
Let y = 16 + -15. Let f(d) = -d - 4. Let k(n) = n - 1. Let m(g) = -f(g) + k(g). Let s be m(4). Calculate the greatest common factor of y and s.
1
Suppose 5*m + t = 345, 325 = m + 4*m - 3*t. Let b be 47/4 + 17/m. Calculate the highest common divisor of 30 and b.
6
Let l = 153 - 37. What is the greatest common divisor of 16 and l?
4
Suppose m - 351 = 9*z - 14*z, 4*m + 300 = 4*z. What is the highest common divisor of 284 and z?
71
Let q(d) be the third derivative of -d**4/6 + d**3/3 + 3*d**2. Suppose -32*j = -33*j - 4. Let y be q(j). What is the greatest common divisor of 27 and y?
9
Let u be 37 - 1*0/5. Calculate the greatest common factor of u and 333.
37
Suppose -b - 15 = -6*b. Suppose 2*w + 4*g - 23 = w, -b*g + 9 = 0. Let x = -42 + 64. What is the greatest common factor of x and w?
11
Let z be (-3 + 3)*(-6)/(-12) + 24. Suppose 3 = 2*f - 9. What is the greatest common divisor of f and z?
6
Let i = -2 + 7. Let l be -39 - (-4)/((-24)/(-18)). Let p be 6*(l/(-8) + 3). What is the highest common divisor of i and p?
5
Suppose -9*u = -136 - 458. Let y(m) = m - 1. Let w be y(4). Suppose 5 = w*g - 13. Calculate the highest common factor of u and g.
6
Suppose -64*c - 15080 = -116*c. What is the highest common divisor of c and 20?
10
Suppose 81 = 593*h - 592*h. Calculate the highest common factor of 63 and h.
9
Suppose 0 = -4*v + 64. Calculate the greatest common factor of 1 and v.
1
Suppose -3*f - 177 = -3*q, -2*f = 4*q - 5*q + 63. What is the greatest common divisor of q and 20?
5
Let b(z) = -25*z**3 + 7*z**2 + 8*z - 2. Let h be b(-2). Calculate the greatest common divisor of 42 and h.
42
Let y = -11 + 22. Let v = y + -6. Suppose -108 = -3*x + 3*n - 6*n, -4*x + v*n = -117. Calculate the greatest common divisor of x and 11.
11
Suppose 124 = -t + 5*t. Let r = 37 - t. Suppose -l = -r - 4. Calculate the highest common factor of l and 70.
10
Let x be 2/(-3)*(27 + -6). Let d = x - -27. Let t = d - 9. Calculate the greatest common factor of t and 20.
4
Let c(a) = -8*a - 26. Let t(f) = -7*f - 26. Let k(i) = -2*c(i) + 3*t(i). Let z be k(-6). What is the highest common divisor of 36 and z?
4
Suppose 32 = s - 5*m, -5*s - 9*m + 13*m = -55. What is the greatest common divisor of s and 49?
7
Let r(w) = w**3 + 3*w**2 + w + 2. Let m be r(5). Let d = m - 162. What is the greatest common factor of 75 and d?
15
Suppose 4*y = -l - 9, 0 = -5*l - 4*y - 0*y + 35. Suppose -l*r + 455 = 2*r. Calculate the greatest common divisor of 35 and r.
35
Let j = -666 - -678. Calculate the greatest common divisor of 852 and j.
12
Let n(b) = 97*b + 442. Let t be n(4). Calculate the highest common factor of t and 20.
10
Let y(v) = -v**2 - 18*v - 59. Let h be y(-8). What is the greatest common factor of 9 and h?
3
Suppose -2*d + 16 = 10. Suppose 0 = d*t - 1 - 14. Suppose 0 = 3*w - t*m + 3, w + 4 = -2*m + 14. Calculate the greatest common divisor of w and 20.
4
Let d be 22/132 - (-238)/12. Calculate the greatest common factor of d and 640.
20
Let i(b) = -98*b**3 + b + 32. Let l be i(-3). Calculate the highest common divisor of 107 and l.
107
Let y(g) = -g**3 + 13*g**2 - 14*g - 4. Let v be y(12). Let d = -20 - v. What is the highest common factor of d and 64?
8
Let y be (3 + -8)*2/(-2). Suppose 3*u + y*q + 172 = 0, -5*q = -4*u + 24 - 195. Let m = -19 - u. What is the greatest common factor of 6 and m?
6
Let x(l) = -164*l**2 + 326*l**2 - 12*l - 163*l**2 - 4. Let u be x(-10). What is the greatest common divisor of 16 and u?
16
Suppose 29*s = 1048 + 3244. Calculate the highest common factor of s and 222.
74
Let p(o) = o + 6. Let y be p(5). Let x(d) = d**2 + 13*d - 11. Let k be x(-8). Let v = -40 - k. Calculate the greatest common divisor of y and v.
11
Let j = 43 - -1622. What is the greatest common divisor of 15 and j?
15
Let c = 323 + -118. Suppose -y - d + 94 + 5 = 0, -c = -2*y + 5*d. Calculate the greatest common factor of y and 20.
20
Let s(r) = 15*r + 170. Let i be s(-11). Let x(h) = h - 4. Let l be x(9). Calculate the greatest common factor of i and l.
5
Let n(k) = -2*k**2 + 5*k + 14. Let j be n(-4). Let m(f) = 60*f - 2. Let v be m(2). Let h = v + j. What is the highest common factor of 10 and h?
10
Let i be (52 + -36)/(6/99). What is the greatest common factor of i and 168?
24
Suppose 4*g - 20 = 0, 5*t + 4*g = 2*g + 570. What is the highest common divisor of t and 42?
14
Let t = -698 - -809. Calculate the greatest common factor of t and 259.
37
Suppose 2*x - 58 = -3*u, 3*x + 0*u = -2*u + 82. Let v = 73 - -31. What is the greatest common factor of x and v?
26
Let j = -195 + 105. Let g be 51/45 + -1 - 15108/j. What is the greatest common factor of g and 48?
24
Suppose -3*m - 310 = 2*m. Let o = 43 + m. Let u = 32 + o. What is the greatest common factor of u and 78?
13
Let t(x) = -120*x + 744. Let l be t(-10). Calculate the greatest common factor of l and 48.
24
Let c(g) = -15*g - 83. Let d be c(-7). What is the greatest common factor of d and 6?
2
Suppose -5*s - 2*j + 1484 = 0, -2*j = 3*j - 10. Calculate the greatest common divisor of s and 37.
37
Let v(s) = 2*s**2 - 5*s + 3. Let n be v(0). Calculate the highest common divisor of 327 and n.
3
Let g be (-1)/(-5) + 319/5. Let l = 360 - 344. Calculate the greatest common factor of l and g.
16
Suppose 3*b - 5*k = 11, -5 + 3 = -3*b - 4*k. Suppose -85 = -5*g + 5*t, -b*t - 4 = -0*t. What is the greatest common factor of g and 40?
5
Let y be (0 - -1)/((-9)/(-27)). Suppose 0 = -2*t + y + 27. Suppose -h = 2*h - t. What is the greatest common divisor of h and 5?
5
Let t(a) = a**3 + 6*a**2 + 4*a. Let p be t(-4). Let n(o) = 66*o + 676. Let x be n(-10). Calculate the greatest common factor of x and p.
16
Let d(p) = 3*p**2 + 47*p + 396. Let k be d(-16). What is the greatest common divisor of k and 8?
4
Let c = 116 - 91. Suppose 0 = -11*r + 6*r + c. What is the greatest common divisor of r and 1?
1
Let i = 41 + -34. Suppose 0 = 4*l - 0*l - 3328. Suppose i*h = 3*h + l. What is the highest common factor of h and 26?
26
Suppose k = 12 - 0. Suppose -9*x + 2 + 106 = 0. What is the highest common factor of x and k?
12
Let s = 86 + -90. Let u(g) = -9*g - 9. Let f be u(s). What is the greatest common divisor of f and 108?
27
Let i(o) = 13*o**2 - 4*o - 10*o**2 - 9*o**2 + o**3 - 4. Let x be i(4). Let t be -33*(4 - x/(-12)). Calculate the highest common divisor of t and 77.
11
Let s be 2/5 + 108/(-20). Let d be 18/(34/6 + s). Calculate the highest common factor of 63 and d.
9
Let m = 1435 - 1339. Calculate the greatest common divisor of 624 and m.
48
Let p = 29 - 15. Let x be p/8*(0 + 8). Calculate the highest common divisor of x and 98.
14
Let j(u) = u**2 - 6*u + 55. Let v be j(17). Suppose 10 = -5*d + 5*r - 0, -5*d = 2*r - 25. Suppose -d*x + 88 = x. What is the greatest common factor of x and v?
22
Let i be 6/(-4)*(0 - (-248)/(-6)). Calculate the highest common divisor of 4 and i.
2
Let j be 52/2 - (-6)/(-3). Let l be (-2)/8 + -15 + (-8325)/(-36). What is the greatest common factor of j and l?
24
Let j(n) = n**2 + 5*n - 2. Let u be j(-7). Let l be (-42)/24 + 9/u + 31. Calculate the highest common divisor of l and 330.
30
Let o(f) = 26*f - 8. Let u be o(2). Let m = u - 20. Calculate the greatest common divisor of m and 36.
12
Let c = 343 + 265. Calculate the highest common divisor of 76 and c.
76
Let o be 4/(-8)*-130 + 0. Let z = -49 + o. Calculate the greatest common factor of 8 and z.
8
Suppose -2*k = 3*k - 15, 29 = 2*c + k. Let i = c - 3. Calculate the greatest common factor of i and 20.
10
Let h(l) = -71*l + 415. Let i be h(5). What is the highest common factor of i and 255?
15
Suppose 0 = 3*t + t - 12. Let x be 29 - (-3)/t*1. What is the highest common factor of x and 6?
6
Suppose -2*x + 93 = n, -17 = -5*x + 2*n + 238. Let s(m) = 57*m - 278. Let a be s(5). Calculate the greatest common factor of x and a.
7
Let r = -31